-5*j. Let s be q/12 + 3/(-2). Let p be (0 - 0) + 3 + s. What is the highest common factor of p and 16?
16
Suppose -4*u + 1657 = -5*g, -u + 388 = 6*g - 2*g. What is the greatest common divisor of u and 34?
34
Suppose 0*o - 3*o = -5*v + 28, 0 = 2*v - 3*o - 4. What is the greatest common divisor of 184 and v?
8
Suppose -2*m - 5*o + 32 = 0, 0 = -4*m + 5*o - 39 + 163. Suppose -9*t = 4*t - m. What is the greatest common factor of t and 2?
2
Let v(m) = -2*m**2 - 45*m - 11. Let u be v(-22). Suppose 66 = p + 2*p. What is the greatest common divisor of u and p?
11
Suppose -u - u + 48 = 0. Suppose 14 = -3*p + 23. Suppose -5*g + g = 3*o - 20, p*g + 11 = o. What is the highest common divisor of u and o?
8
Let o(w) = 6*w. Let m be o(2). Let h(t) = -t**3 - 10*t**2 - 21*t + 12. Let j be h(-9). Calculate the highest common divisor of m and j.
12
Let v = -340 + 403. Let p = 13 + -8. Suppose 5*b = 0, -p*j + b + 30 = -15. What is the highest common divisor of j and v?
9
Suppose 0 = 4*i - 24 - 60. Suppose 4*o - 21 = 5*u, -3*o - u = -3*u - i. Let g be -63*1*(-3)/o. What is the greatest common divisor of g and 189?
21
Suppose 6 + 24 = 10*m. Suppose m*k - 2*w = 137, 0*w + 74 = k + 5*w. Calculate the highest common divisor of k and 7.
7
Suppose -2*b = 3*y + 45843, 7*y - 2*y - 5*b + 76430 = 0. Let r be y/(-68) - -1*1/4. Calculate the greatest common divisor of 25 and r.
25
Let c = 473 + -359. Calculate the highest common divisor of c and 12.
6
Let d(y) = 34*y**2 + 32*y + 33. Let s be d(-1). Let b(n) = 2*n**2 - 4. Let v be b(3). What is the highest common divisor of s and v?
7
Let w be 98/(-14)*(-867)/21. What is the greatest common divisor of 119 and w?
17
Suppose 0*w + 5 = w - 4*h, 3*h + 5 = w. Suppose -w*y + 650 - 185 = 0. What is the greatest common divisor of 31 and y?
31
Let w(s) = -4*s + 8. Let y be w(-4). Let j = y + -16. What is the greatest common factor of 88 and j?
8
Suppose -4*o - 534 + 46 = -4*i, 5*i + 5*o = 560. Calculate the greatest common factor of 18 and i.
9
Let p(o) = -6*o - 59. Let j be p(-34). What is the highest common divisor of 29 and j?
29
Suppose 0 = -5*m + 188 - 23. Let j = -162 - -140. Let t = j + m. What is the highest common divisor of t and 88?
11
Let r(v) = 7*v - 26. Let k(h) = 6*h - 26. Let s(x) = -5*k(x) + 4*r(x). Let j be s(7). Calculate the highest common divisor of j and 6.
6
Let o(u) = -2*u**3 - 9*u**2 + 2*u + 2. Let c be o(-5). Suppose 5*m - 466 = 469. Calculate the highest common divisor of m and c.
17
Suppose 6 + 22 = 2*r. Let s be ((-5)/(-2))/(10/8). Suppose -4*v - 3*y + 103 = 0, -2*y - s - 4 = 0. What is the greatest common factor of r and v?
14
Let h be ((-425)/(-10))/(((-119)/(-140))/17). Calculate the highest common divisor of 50 and h.
50
Let w(l) = -7 - l**2 + 14*l - 20 + 2*l**2. Let p be w(-17). What is the highest common factor of 84 and p?
12
Suppose 2*j - 70 = -3*b, 2*b - 7 = 1. What is the greatest common divisor of j and 377?
29
Let p(z) = 2*z + 36. Let a(t) = t**3 + 6*t**2 - 17*t + 4. Let u be a(-8). Let f be p(u). What is the greatest common factor of f and 15?
15
Let b(f) = -f**2 + 17*f + 37. Let w be b(15). Calculate the highest common factor of 335 and w.
67
Suppose 5*z + 4*q - 18 = 2*z, 3 = 3*z - q. Suppose 2*x + 3*p + 101 = 7*x, 0 = -z*x - 5*p + 28. Let t = 67 + -10. What is the greatest common factor of t and x?
19
Let f be 13/(-78) - (-134)/12. Let j = -14 + 36. Calculate the highest common factor of f and j.
11
Let l = -105 + 257. Calculate the greatest common divisor of l and 190.
38
Suppose 38*j - 252 - 318 = 0. What is the highest common divisor of j and 35?
5
Suppose 5*k - k - 632 = -2*d, 0 = k + 5*d - 140. Let m = 52 + -36. What is the highest common factor of m and k?
16
Let c be 8358/14 + -2 + 7. What is the greatest common divisor of 28 and c?
14
Let u(j) = -2*j + 6. Suppose x + 4*f + 27 = 1, 0 = 3*x + 4*f + 38. Let d be u(x). What is the highest common divisor of 90 and d?
18
Let q be 11/4 + (-2)/(-48)*6. Suppose -2*c + 54 = -v, q*c - 49 = 3*v + 38. What is the greatest common divisor of c and 15?
5
Let c(x) = -x**3 + x**2 - x + 2. Let u be c(0). Let l be (-42)/u*(-6)/7. Suppose z - l = 3. Calculate the highest common factor of z and 7.
7
Let u(g) = 12*g**2 - 6*g - 227. Let s be u(-9). Calculate the greatest common divisor of s and 47.
47
Suppose 12 = 2*f + 2*f. Let o be -2 + (11 - (0 + f)). Let v(d) = d**3 - 4*d**2 - 8*d. Let s be v(o). What is the highest common factor of 60 and s?
12
Let l(b) = -26*b + 521. Let z be l(16). Let j = -11 - -26. Calculate the highest common factor of j and z.
15
Suppose 14 + 10 = 3*k. Suppose -z = 3*g - 4, 0*g - k = -2*z + 3*g. Suppose -z*f = -0*f - 8. What is the greatest common factor of 22 and f?
2
Suppose 0 = 6*c + 31 - 139. Suppose c - 98 = -4*t. What is the greatest common factor of 220 and t?
20
Let m = -19 + 24. Suppose -m*h + 100 = 5*v, 5*h - v - 4*v - 110 = 0. Let x be 3/(-4)*-4 + h. Calculate the highest common factor of 72 and x.
24
Let x = 27 - 23. Suppose x*f - 217 = -85. Let t(j) = 3*j**2 + 2*j + 1. Let z be t(-3). What is the highest common divisor of z and f?
11
Suppose 0 = 5*w - 4*k - 595, 7*k - 4*k = 2*w - 238. What is the greatest common divisor of 14 and w?
7
Let d be 5/3*9/3. Suppose -5*n + 1 = -2*y, -49 - 1 = -d*y - 5*n. Let v be (3 - (-9)/7)*y. What is the highest common factor of 45 and v?
15
Suppose 861 - 3765 = -8*w. Calculate the highest common divisor of w and 33.
33
Let p(d) = 10*d - 50. Let r be p(6). Suppose 45 = -5*h + r*h. What is the greatest common factor of h and 3?
3
Let i = 23 - -1. Let q be (-1 + 1)*2/(-4). Let c(g) = -g + 8. Let y be c(q). What is the highest common factor of i and y?
8
Let t = -1 + -3. Let b be 4 + t + 8 + -1. Suppose g - 21 = -0*g. Calculate the greatest common factor of b and g.
7
Suppose 7 = -2*u + 4*k + 59, 56 = 2*u - 2*k. What is the greatest common divisor of u and 570?
30
Let v = 69 - 72. Let a be v - 249/(-5 + 2). Calculate the greatest common divisor of 8 and a.
8
Let k(h) = 148*h**2 + 10*h - 81. Let l be k(-5). Calculate the highest common divisor of 83 and l.
83
Suppose 0 = -0*a + 2*a + 4*b - 106, 4*b = a - 29. Suppose v + 2*h = -h + a, 39 = v + h. What is the greatest common factor of 144 and v?
36
Let b = 14 - 9. Let y(f) = 2*f**3 + 2*f**2 - 7*f - 3. Let x be y(-3). Let h be (x/(-4) - 4)*(49 - -1). Calculate the greatest common divisor of b and h.
5
Let f(s) = -s**2 + 8*s + 8. Let x be f(8). Let j be 741/15 + x/(-20). What is the highest common factor of j and 7?
7
Suppose -146*j - 6 = -148*j, -4*j - 833 = -5*v. What is the greatest common factor of 39 and v?
13
Let y(i) = 2*i + 30. Let h be y(0). Suppose -2*r = -10*r + 160. Calculate the greatest common divisor of h and r.
10
Let v be (1 - (-11)/(-13)) + (-3296)/(-208). Let z be 2*1 + (0 - 4). Let y be z/6 + (-147)/(-9). What is the greatest common divisor of y and v?
16
Let r(h) = -h**3 - 15*h**2 - h - 6. Suppose 2*a - 5*t + 20 = 0, -34 = a + 3*t - 13. Let p be r(a). Calculate the highest common factor of 27 and p.
9
Suppose 2*z - 4*u - 108 = 0, -252 = -19*z + 15*z - 4*u. Suppose -3*y = -0*y - 36. What is the greatest common factor of z and y?
12
Let i be (-177)/(-5) + 30/50*1. Let y = -156 - -110. Let f = y + 70. Calculate the highest common factor of f and i.
12
Let i(q) = -q**3 + 8*q**2 - 7*q - 6. Let w be i(6). Suppose -39*a + 175 = -293. Calculate the greatest common divisor of a and w.
12
Let y(k) = k**3 - 2*k**2 - 4*k + 7. Let t be y(3). Suppose -d + 55 = t*d. Calculate the greatest common factor of 11 and d.
11
Suppose -4*j + 460 = -3*s, 4*j - s - 153 = 315. Let d be j/4 - (-20)/40. What is the highest common factor of d and 45?
15
Let k be (-1 - -2) + 20 + 3. Let g be 60*2*((-13)/2 - -7). Calculate the highest common factor of k and g.
12
Let f be 24/3 - (-10 + 10 + 0). Calculate the greatest common divisor of f and 40.
8
Suppose -24 = 25*s - 99. Calculate the greatest common factor of 17 and s.
1
Let s = -47 - -149. What is the highest common factor of 238 and s?
34
Suppose 2*b = -5*k + 218, 3*b = 4*k - 2*b - 148. Calculate the highest common divisor of k and 66.
6
Suppose 4*i + 5*n - 2377 = 0, -8*n - 1202 = -2*i - 6*n. What is the greatest common factor of 26 and i?
26
Suppose 0 = -3*a - 2*l + 70, 2*a + l = -3*l + 44. Calcula